+ 0. Calculate n(-11).
-4
Let r = 2 - -21. Suppose 6*c - c + 115 = 0. Let k = c + r. Let b(z) = z - 1. Give b(k).
-1
Let j(o) = -o + 5. Let p = 33 + -24. Suppose -p*l = 38 - 110. Determine j(l).
-3
Suppose 5*v = -0*v - 4*g + 3, 2*g = 5*v + 9. Let x(y) = 47*y - 13*y - 14*y + 2 - 1 - 18*y - 5*y**3. Determine x(v).
4
Let n(f) be the second derivative of -f**5/120 + f**4/4 - f**3/6 - 17*f. Let v(b) be the second derivative of n(b). Calculate v(5).
1
Let z(s) = -7*s**2 - 2*s + 2. Let k(c) = -13*c**2 + 24*c + 2. Let j be k(2). Give z(j).
-22
Let c(x) = x. Let n = 60 - 55. Let z(t) = -10*t + 1. Let g(v) = n*c(v) + z(v). Let i(f) = f**2 - 6*f + 1. Let h be i(6). Give g(h).
-4
Let u be 8/(24/(-15) + 2). Let b be -4 + 0 + (u - 14). Let k(j) = 4*j + 7*j - b*j + 4 - 6*j. Give k(-6).
-14
Let k(r) = 11 + 66*r - 21*r - 23*r - 21*r. What is k(-8)?
3
Let f(v) = -3*v**2 + v**2 - 876 + 874 + v**2 - 6*v. What is f(-4)?
6
Let o(c) = -9*c**2 - 10*c - 7. Suppose -w - 2*w + 21 = 0. Let u(x) = -3 - 4*x**2 - 2 + 9 - 7 - 5*x. Let p(q) = w*u(q) - 3*o(q). What is p(-4)?
4
Let q be 8/20 - 196/(-10). Suppose -2 = -2*l + 5*c - 15, -4*l - q = -4*c. Let u = 4 + l. Let g(n) = -n**2. Calculate g(u).
0
Let v be -3 + (99/3 - 2). Let y be v/(-8) + (-1)/(-2). Let b(z) be the third derivative of z**6/120 + z**5/60 - 5*z**4/24 - z**3/3 - z**2. Determine b(y).
-5
Let k(b) be the first derivative of -b**4/4 - 5*b**3/3 - 2*b**2 - 6*b - 1. Suppose 4*p - 33 + 21 = -32. Calculate k(p).
14
Suppose -2*g + 3 = -4*h + 25, -3*h = g - 9. Let l(i) = 0*i**3 + 7*i**2 + i**3 + i**2 - 12*i**2 + 3*i. Calculate l(h).
12
Let g(w) = 189*w**2 + 25*w - 375*w**2 + 188*w**2 + 5 + 0. Give g(-12).
-7
Let a(u) be the first derivative of u**2/2 - u + 1. Let m = -181 + 176. Determine a(m).
-6
Let m(f) = f**3 + 7*f**2 + 5*f + 1. Let g = 576 - 581. Determine m(g).
26
Let l(u) be the first derivative of -u**3/3 + 3*u**2/2 + 3*u - 209. Let y(p) = -p**3 - 5*p**2 + 2*p + 5. Let o be y(-5). Let w = 9 + o. What is l(w)?
-1
Let y(c) = c**2 + 5*c - 1. Let k(j) = -2*j**3 - 10*j**2 - 6*j. Let d be k(-4). What is y(d)?
23
Suppose 3*x + 5 = 2*x, -v = -2*x. Let i(q) = q**3 + 9*q**2 - 9*q + 10. Let g be i(v). Let s(l) = -l - 12. Calculate s(g).
-12
Let w(g) be the second derivative of g**6/120 + g**5/10 + g**4/24 + g**3/3 - 7*g**2/2 - 9*g. Let b(o) be the first derivative of w(o). Calculate b(-6).
-4
Let a(v) be the second derivative of v**7/840 - v**6/720 - v**5/120 + 7*v**4/6 - 3*v. Let h(w) be the third derivative of a(w). Give h(2).
9
Let l(m) = m**3 - 6*m**2 - 7*m + 1. Suppose -29 - 55 = 6*f. Let t be (-147)/f*2/3. Determine l(t).
1
Let a(d) = 4*d**2 - 5*d**2 + 3 + 3*d - 3*d**3 + 3*d**2 + 4*d**3. Calculate a(-2).
-3
Suppose 7 + 11 = 3*r. Let z(i) = -i**2 + 5*i - 12. Let w be z(3). Let c = r + w. Let m(q) = q + 1. Give m(c).
1
Let n(o) = -o + 1. Suppose -3*g + 2 + 4 = 0. Suppose 5*r + a = -g*a + 99, 0 = -5*r + 2*a + 84. Let h = r - 21. What is n(h)?
4
Suppose -4*p = 3*m - 32, 3*m + 4*p - 2*p - 22 = 0. Let i = 50 + -48. Let j = m + i. Let a(d) = -d**2 + 6*d + 5. Determine a(j).
5
Let s(o) = o - 17. Let j be s(7). Let c = -10 - j. Suppose -4 = g, -24 = -2*p + 3*g - c. Let f(l) = l - 6. What is f(p)?
0
Let p(x) = -x**2 - 7*x. Let q be p(-7). Suppose n + 4 + 2 = q. Let g(o) be the first derivative of -o**3/3 - 7*o**2/2 - o - 89. Calculate g(n).
5
Suppose 5 = -4*b + 21. Let k(a) = 0 - 1 - b*a - 8. Determine k(-6).
15
Suppose 7*y - 8 - 6 = 0. Let r(x) = 2 + 242*x - y - 228*x. What is r(-1)?
-14
Let v(r) = -7*r - 7. Let x(q) = 103*q - 1022. Let l be x(10). Give v(l).
-63
Let l(w) = -2*w + 4. Suppose 3 = -2*a + 3*a. Let v be l(a). Let d(k) = -2*k**2 - 7*k - 1. Let y(c) = -c. Let g(x) = -d(x) + 6*y(x). Give g(v).
7
Let g(l) = -3*l + 6. Let w be g(3). Suppose 3*z - 2*t + 3 = 2*t, 4*z + 5*t - 27 = 0. Let f(c) = 3*c**2 + 1 + c - 1 + 2 + c**z. What is f(w)?
-1
Let w(t) = t**3 - 7*t**2 + 8*t - 6. Let p be 342/(-15)*(-4 + -1). Suppose 4*m = 10*m - p. Let f = m + -13. Determine w(f).
6
Let o(q) = -q + 4 + 15*q + 11*q**2 - 10*q**2. Let u be o(-14). Let h(x) = -x**2 + 2*x - 4. What is h(u)?
-12
Let s(t) = 2*t + 0 + 0 + 1 + 1. Suppose -2*d - 4*v + 9 = -13, -5*d + 11 = -v. Give s(d).
8
Let g(l) = 22 - 24 - 2*l**2 + 9*l + l**2 + 3*l - 4*l. Calculate g(9).
-11
Suppose 12 = -5*p - 3. Let k = p + 5. Let q(i) = -1 + 2*i**3 - 2 - 2*i**2 + k*i + 0*i**3. Give q(2).
9
Suppose 3*g + 7*c = 5*c - 12, g = c - 4. Let n(b) = 3*b + 6. Calculate n(g).
-6
Let f(a) = -3*a**2 - 313*a - 2*a**3 - 1 + 155*a + 156*a. Give f(-2).
7
Suppose 27*c - 91 - 98 = 0. Let b(q) = q**3 - 6*q**2 - 6*q + 3. Calculate b(c).
10
Let x(z) = -9*z + 20 + z - z**2 - 2*z - 10. What is x(-8)?
26
Let x(h) = -3*h - 20. Let w(k) = -2*k + 1. Let o(c) = -2*w(c) + x(c). Give o(14).
-8
Let p = 14 - 7. Let n(f) = -f. Let h(b) = b**2 + b - 3. Let g(t) = -h(t) - 6*n(t). Determine g(p).
-11
Let y(r) be the second derivative of r**4/12 - r**3/3 - 2*r**2 - 131*r. What is y(2)?
-4
Let t(x) = -x**2 - 1 + 2*x**2 - 13 + 4*x + 7*x. Let n be t(-12). Let b(r) = 1 - 2*r**2 + 0 + 3*r**2 + 5*r - r. What is b(n)?
-3
Suppose -5*r + 34*y = 39*y - 65, -3*y - 27 = -3*r. Let k(s) = s**3 - 10*s**2 - 8*s - 14. What is k(r)?
19
Let g = -10 + 28. Suppose -12 = 15*m - g*m. Let q(d) = -d**3 + 3*d**2 + 6*d - 4. Calculate q(m).
4
Let o(t) = 17 + 0*t - 9 + t. Let n be o(-9). Let s(w) = w**2 + 0*w**2 + 0 + w - 1. Determine s(n).
-1
Let n(u) = -2 - 172*u - 168*u + 341*u. Let y = 3 + 1. Let q = -4 + y. Give n(q).
-2
Let n(q) = -5*q**2 + 12*q + 9. Let k(d) = -2*d**2 + 4*d + 2. Let s(y) = 7*k(y) - 2*n(y). Calculate s(3).
-28
Let u = 8 - 13. Let q(y) = -2*y + 8. Let h(x) = x - 1. Let g(k) = 3*h(k) + q(k). Calculate g(u).
0
Let q(g) = 2*g - 6. Suppose -4*v - 35 = -11*v. Let m be (-4)/8 - (-3)/2. Let u = m + v. Determine q(u).
6
Suppose 0 = -0*j - 3*j - 3. Let m(a) be the first derivative of -4 + 1/2*a**2 + 0*a. What is m(j)?
-1
Let a(f) = f**3 + 11*f**2 + 9*f - 6. Suppose 10*n + 40 = -60. Give a(n).
4
Let h be ((-52)/(-234))/(2/(-12))*6. Let n(c) = c**3 + 8*c**2 - 2*c - 5. Give n(h).
11
Let h(j) = -2*j**3 + j**2 - j - 1. Let q(k) = 13*k**3 + 9*k**2 + 4*k - 15. Let m(s) = 6*h(s) + q(s). Determine m(-15).
9
Suppose 5*m + 23 - 3 = -3*w, -m + w = 4. Let b(u) be the third derivative of 1/6*u**4 + 2*u**2 + u**3 + 0 + 0*u. Calculate b(m).
-10
Let n be 1/(4*1) - 437/(-92). Let a be 3/1 - (n + -3). Let q(u) = -9*u**3 - 2*u**2 + 1. Give q(a).
-10
Let f(v) = -v**2 - 3*v + 43. Suppose 34 = -24*i - 158. Determine f(i).
3
Let y(o) be the first derivative of -o**4/4 + 7*o**3/3 - 3*o**2 - 3*o - 287. What is y(5)?
17
Let f(c) = -c**2 + 7*c + 7. Let n(o) = 2*o**2 - 3*o + 6. Let q be n(4). Let k = q + -20. What is f(k)?
13
Suppose 0*a = 2*a - 12. Let o(p) = 6*p + 3*p - a*p. What is o(5)?
15
Let a = 1 + 1. Let o(w) = 0*w**3 + 3*w - 1 + 2*w**2 - 3*w**3 + a*w**3. Let t be (4/6)/((-4)/(-18)). What is o(t)?
-1
Suppose 2*p + 3*p - 51 = 2*n, 21 = p + 5*n. Let w(j) = 2*j**2 - 19*j - 21. Determine w(p).
12
Let b(z) = -z**3 - 2*z**2 + 10. Suppose -2*r = -6, -2*k + 82*r + 9 = 85*r. Determine b(k).
10
Suppose 0 = 3*a + c + 23, 5*c + 24 = 3*a + 17. Suppose n = -2*n + 6. Let h(u) = u**n - 18*u - 7 + 0*u**2 + 21*u. Give h(a).
11
Let f = 50 - 27. Suppose f = 5*k - 7. Let q(n) = 9*n - k*n - 4*n + 5. Calculate q(0).
5
Let i(z) = -2 - 17*z + 5 + 16*z + 8. Give i(11).
0
Let p = 393 - 392. Let i(j) = j**2 + 2*j + 3. Let g be i(-2). Let n(r) = -4 - p + 5 - g - 2*r. Determine n(-4).
5
Let n(p) = 6*p**2 - 7 - 12*p**2 + 5*p**2. Let l(c) = -c - 1. Let r(a) = 6*l(a) - n(a). Determine r(4).
-7
Let a(s) = 3*s**3 - s. Suppose -3*w + 9 = -m, -3*m + 4*m = -w + 3. Suppose m = 2*l - 6*l + 4. Determine a(l).
2
Suppose -l = 1 - 2. Let h(f) = -4*f**2 + 4*f + 2. Let m(o) = o**2 - o. Let s(q) = l*h(q) + 3*m(q). Determine s(-3).
-10
Suppose 14*t = 3*f + 17*t - 63, f - 6 = 2*t. Let v(u) = 2*u - 34. What is v(f)?
-2
Let r(o) = 594 - 8*o - 599 - 7*o + o + o**2. Determine r(14).
-5
Let l(f) = 9*f + 21. Let o(w) = 14*w + 31. Let r(c) = -8*l(c) + 5*o(c). Calculate r(-10).
7
Suppose 6*k - k + 15 = 0. Let w(i) be the third derivative of 1/2*i**3 + 5*i**2 + 0*i**4 - 1/120*i**6 + 0*i - 1/15*i**5 + 0. What is w(k)?
-6
Let m(x) = 4*x + 5. Let q be m(6). Suppose 0*f = 2*b + 4*f + 16, 0 = -2*b + 5*f + 